its digit of 836?
6
What is the tens digit of 92373?
7
What is the units digit of 5250?
0
What is the hundreds digit of 7273?
2
What is the tens digit of 435?
3
What is the hundreds digit of 14601?
6
What is the units digit of 644?
4
What is the thousands digit of 4174?
4
What is the units digit of 42771?
1
What is the thousands digit of 1805?
1
What is the tens digit of 285?
8
What is the thousands digit of 9442?
9
What is the thousands digit of 5184?
5
What is the hundreds digit of 2564?
5
What is the tens digit of 178?
7
What is the tens digit of 1224?
2
What is the hundreds digit of 1375?
3
What is the hundreds digit of 2997?
9
What is the units digit of 1460?
0
What is the tens digit of 11673?
7
What is the hundreds digit of 28920?
9
What is the thousands digit of 27441?
7
What is the units digit of 99764?
4
What is the hundreds digit of 4061?
0
What is the tens digit of 89?
8
What is the ten thousands digit of 12428?
1
What is the units digit of 5673?
3
What is the thousands digit of 49281?
9
What is the thousands digit of 60179?
0
What is the tens digit of 4596?
9
What is the tens digit of 5016?
1
What is the ten thousands digit of 169767?
6
What is the hundreds digit of 4747?
7
What is the tens digit of 255?
5
What is the tens digit of 53279?
7
What is the units digit of 23741?
1
What is the tens digit of 4677?
7
What is the thousands digit of 2166?
2
What is the ten thousands digit of 30166?
3
What is the ten thousands digit of 25517?
2
What is the thousands digit of 2943?
2
What is the ten thousands digit of 10644?
1
What is the hundreds digit of 15116?
1
What is the hundreds digit of 359?
3
What is the tens digit of 470?
7
What is the hundreds digit of 2657?
6
What is the tens digit of 2874?
7
What is the thousands digit of 24034?
4
What is the units digit of 29141?
1
What is the thousands digit of 2680?
2
What is the tens digit of 127568?
6
What is the thousands digit of 25463?
5
What is the tens digit of 412?
1
What is the thousands digit of 1367?
1
What is the tens digit of 7728?
2
What is the units digit of 6?
6
What is the units digit of 2435?
5
What is the hundreds digit of 66315?
3
What is the ten thousands digit of 14823?
1
What is the hundreds digit of 426?
4
What is the hundreds digit of 46584?
5
What is the tens digit of 14544?
4
What is the units digit of 47099?
9
What is the thousands digit of 2744?
2
What is the tens digit of 1397?
9
What is the thousands digit of 3530?
3
What is the tens digit of 94266?
6
What is the tens digit of 397?
9
What is the thousands digit of 31010?
1
What is the hundreds digit of 117199?
1
What is the units digit of 73681?
1
What is the units digit of 1973?
3
What is the units digit of 1349?
9
What is the thousands digit of 92004?
2
What is the hundreds digit of 13623?
6
What is the ten thousands digit of 15352?
1
What is the units digit of 56?
6
What is the units digit of 55?
5
What is the thousands digit of 20646?
0
What is the tens digit of 23918?
1
What is the units digit of 7957?
7
What is the units digit of 2129?
9
What is the tens digit of 337?
3
What is the ten thousands digit of 119018?
1
What is the ten thousands digit of 15811?
1
What is the hundreds digit of 267?
2
What is the tens digit of 262?
6
What is the units digit of 1129?
9
What is the hundreds digit of 10627?
6
What is the units digit of 1835?
5
What is the units digit of 10852?
2
What is the thousands digit of 9108?
9
What is the tens digit of 2478?
7
What is the units digit of 1917?
7
What is the units digit of 1819?
9
What is the hundreds digit of 4931?
9
What is the thousands digit of 1754?
1
What is the units digit of 7674?
4
What is the units digit of 8742?
2
What is the thousands digit of 3794?
3
What is the units digit of 49892?
2
What is the thousands digit of 23951?
3
What is the hundreds digit of 2619?
6
What is the tens digit of 93?
9
What is the tens digit of 13225?
2
What is the hundreds digit of 9599?
5
What is the tens digit of 92006?
0
What is the tens digit of 1167?
6
What is the tens digit of 87?
8
What is the hundreds digit of 536?
5
What is the thousands digit of 10459?
0
What is the units digit of 786?
6
What is the tens digit of 1171?
7
What is the tens digit of 22958?
5
What is the thousands digit of 1082?
1
What is the units digit of 3264?
4
What is the units digit of 5983?
3
What is the thousands digit of 2332?
2
What is the units digit of 12678?
8
What is the thousands digit of 66880?
6
What is the thousands digit of 130796?
0
What is the hundreds digit of 117004?
0
What is the ten thousands digit of 40722?
4
What is the hundreds digit of 9345?
3
What is the hundreds digit of 16131?
1
What is the hundreds digit of 19554?
5
What is the units digit of 47876?
6
What is the thousands digit of 4117?
4
What is the hundreds digit of 1124?
1
What is the hundreds digit of 2421?
4
What is the units digit of 3371?
1
What is the hundreds digit of 924?
9
What is the tens digit of 117?
1
What is the hundreds digit of 459?
4
What is the hundreds digit of 442?
4
What is the hundreds digit of 19117?
1
What is the hundreds digit of 666?
6
What is the hundreds digit of 87102?
1
What is the units digit of 937?
7
What is the thousands digit of 1523?
1
What is the thousands digit of 1120?
1
What is the units digit of 2221?
1
What is the units digit of 19555?
5
What is the ten thousands digit of 34349?
3
What is the units digit of 126254?
4
What is the thousands digit of 3281?
3
What is the hundred thousands digit of 155645?
1
What is the hundreds digit of 32921?
9
What is the hundreds digit of 841?
8
What is the tens digit of 5543?
4
What is the thousands digit of 7129?
7
What is the thousands digit of 5702?
5
What is the tens digit of 56617?
1
What is the tens digit of 50?
5
What is the thousands digit of 11933?
1
What is the units digit of 983?
3
What is the ten thousands digit of 15682?
1
What is the units digit of 14958?
8
What is the hundreds digit of 7076?
0
What is the hundred thousands digit of 127494?
1
What is the hundreds digit of 16109?
1
What is the thousands digit of 34919?
4
What is the thousands digit of 6772?
6
What is the ten thousands digit of 20918?
2
What is the hundreds digit of 719?
7
What is the tens digit of 5210?
1
What is the units digit of 276?
6
What is the tens digit of 1673?
7
What is the units digit of 16?
6
What is the ten thousands digit of 37546?
3
What is the tens digit of 1740?
4
What is the ten thousands digit of 21621?
2
What is the thousands digit of 1257?
1
What is the tens digit of 1987?
8
What is the tens digit of 81?
8
What is the thousands digit of 28320?
8
What is the units digit of 12777?
7
What is the tens digit of 87447?
4
What is the thousands digit of 16798?
6
What is the units digit of 1840?
0
What is the hundreds digit of 29354?
3
What is the thousands digit of 6154?
6
What is the units digit of 300?
0
What is the tens digit of 28136?
3
What is the tens digit of 29280?
8
What is the tens digit of 1100?
0
What is the hundreds digit of 6340?
3
What is the units digit of 416?
6
What is the thousands digit of 6244?
6
What is the hundreds digit of 5682?
6
What is the ten thousands digit of 26145?
2
What is the hundreds digit of 5624?
6
What is the tens digit of 1764?
6
What is the ten thousands digit of 33294?
3
What is the thousands digit of 21855?
1
What is the units digit of 3575?
5
What is the units digit of 6961?
1
What is the units digit of 2777?
7
What is the units digit of 2479?
9
What is the tens digit of 315?
1
What is the thousands digit of 11077?
1
What is the hundreds digit of 1280?
2
What is the tens digit of 5225?
2
What is the units digit of 36598?
8
What is the hundreds digit of 119?
1
What is the units digit of 88119?
9
What is the thousands digit of 1569?
1
What is the tens digit of 20?
2
What is the thousands digit of 1694?
1
What is the tens digit of 36101?
0
What is the thousands digit of 204842?
4
What is the units digit of 44?
4
What is the units digit of 4787?
7
What is the hundreds digit of 428?
4
What is the units digit of 733?
3
What is the thousands digit of 1835?
1
What is the units digit of 1537?
7
What is the hundred thousands digit of 120081?
1
What is the tens digit of 11404?
0
What is the thousands digit of 8232?
8
What is the un